t f be l(-6). Suppose -f*t - 17 = 13. List the prime factors of n(t).
2, 5
Suppose 46 = 4*y + n - 309, 4*y = 2*n + 370. List the prime factors of y.
2, 3, 5
Suppose 4*j = -5*p + 51, 2*j = -2*j + 3*p + 27. What are the prime factors of j?
3
Let z be 3/(-2)*(-24)/9. Suppose 0 = i - 2*l + 5, 0*i + z*l = -4*i + 28. List the prime factors of i.
3
Let x(j) = 12*j + 1. Let m be x(3). Let y = -3 + m. What are the prime factors of y?
2, 17
Suppose -4*t + 4 - 48 = 0. Let q = t - -22. What are the prime factors of q?
11
Let r = 5 + -11. Let i = 4 + r. List the prime factors of (-15)/i*(-6)/(-9).
5
Suppose 23 = j - 29. Let t = j + 21. Suppose x + n - 13 = 2*n, 5*x = -3*n + t. What are the prime factors of x?
2, 7
Let i(t) = -t**3 - 4*t**2 + 7*t - 8. Let v be 26/(-4) + 6/12. List the prime factors of i(v).
2, 11
Let v(d) = 2*d**2 - d + 4. List the prime factors of v(2).
2, 5
Let w be (-4)/(-10) + (-72)/(-20). Suppose f + w = -0*f - 3*s, 3*s + 9 = 0. List the prime factors of f.
5
Let d(y) = -y**3 + 10*y**2 - 6*y - 13. Suppose -45 = -4*v - 9. Let z be d(v). Let l = z + -3. List the prime factors of l.
11
Suppose t - 11 = 8. List the prime factors of t.
19
Let h(a) = a**2 - 5*a + 4. Suppose -3*v + 6*v - 15 = 0. Suppose 10 + 20 = v*b. What are the prime factors of h(b)?
2, 5
What are the prime factors of (-7 + 8)/((-4)/(-1412))?
353
Suppose 2*r = -0*r + 16. Suppose r = 4*o + 4*l, -5*o - 2*l = 13 - 35. What are the prime factors of o?
2, 3
Suppose -9*d = 6*d - 1080. What are the prime factors of d?
2, 3
Suppose 194 + 1 = 5*l. List the prime factors of l.
3, 13
Let t be (8/(-3))/(2/6). Let a = 29 - t. Suppose r = -5*o + a - 8, 30 = 2*r + 3*o. List the prime factors of r.
3
Suppose -2*i + 37 = -i. What are the prime factors of i + 3/(3 + -4)?
2, 17
Let c(s) = s + 1. Let k be c(3). Suppose -2*h + 20 = 5*t, 3*h = -k*t - h + 16. Suppose 4*g = -n + 28, -3*g - t*n = g - 16. List the prime factors of g.
2
Let y(g) = 26*g**2 - 14*g**2 - 7*g - 6 - 13*g**2. What are the prime factors of y(-4)?
2, 3
Let p(h) = -24*h - 1. Suppose 0*l + 2*l = -2. What are the prime factors of p(l)?
23
Let u be -2*(-3)/6 + -1. Suppose -m + u = -18. List the prime factors of m.
2, 3
Let m = 29 + -17. Suppose -m*y = -8*y - 156. What are the prime factors of y?
3, 13
Let d(y) be the third derivative of y**7/2520 - y**6/144 - y**5/60 - y**2. Let f(x) be the third derivative of d(x). List the prime factors of f(6).
7
Let s be ((-10)/(-6))/(2/18). Suppose -2*j = j - s. Suppose j*c = 2*o + 28, c + 4 = -5*o - 12. What are the prime factors of c?
2
Suppose 2*c + 18 = 4*b, 2*c - 4 - 32 = -5*b. List the prime factors of b.
2, 3
Suppose 0*z = -5*z + 20. Suppose -x + 3*i - 1 = -27, z*i - 22 = -2*x. List the prime factors of x.
17
Let j = -45 + 79. What are the prime factors of j?
2, 17
Suppose 0 = 2*s + 5*h + 199 - 546, -2*s - h + 335 = 0. List the prime factors of s.
2, 83
Suppose -3*b = 2*b. Let z = 3 + b. Suppose -8 = -3*t - 4*f, t - 6*f = -z*f + 7. What are the prime factors of t?
2
List the prime factors of 14/(-245)*5 - (-3070)/14.
3, 73
Let q = 54 - -10. What are the prime factors of q?
2
Let u = 55 - 33. What are the prime factors of u?
2, 11
Suppose -4*j = 77 + 7. Let n = 34 + j. What are the prime factors of n?
13
Let j be (-8)/(2 + (-48)/21). Let z = -20 + j. What are the prime factors of z?
2
Suppose 5*j - 221 = 349. List the prime factors of j.
2, 3, 19
Let v(a) = a**2 - 2*a + 1. Let c be v(4). Suppose -o + 3 = k, 4*o - c = o - 4*k. List the prime factors of o.
3
Let h(k) = 2*k**2 + 6*k + 4. Let u be h(-4). Suppose 3*j - u = -j. Suppose -5*r + 0 = 2*s - 2, 4*r = -j*s + 10. List the prime factors of s.
2, 3
Let h(s) = -s**3 + 2*s - 4. Suppose 6*i - 2*i = -12. Let n be h(i). Let o = 29 - n. List the prime factors of o.
2, 3
Let n(w) = -w - 4 + 0*w + 0*w. Let z be n(-7). Suppose 0 = 2*q + 2*f - 22, -z*f - f = -3*q - 2. List the prime factors of q.
2, 3
List the prime factors of (-174)/4*(-8)/12.
29
Suppose 0 = -7*h + 4*h. Let z be (h - (2 - 1)) + -3. Let t = z - -12. What are the prime factors of t?
2
Suppose -5*l = -0 - 10. Suppose 4 + 4 = l*m. List the prime factors of m.
2
Suppose 5*t - 155 = -0*t. List the prime factors of t.
31
Let z be 1*(1 + -2)*-3. List the prime factors of (2 + -3)*-3 + z.
2, 3
Let z(i) = -i**3 + 4*i**2 + 3*i + 7. Let t(o) = 2*o**3 - 7*o**2 - 7*o - 15. Let y(m) = 3*t(m) + 7*z(m). What are the prime factors of y(7)?
2
Let o(t) be the second derivative of 3*t**4 + t**3/6 - t**2/2 + 2*t. Let w be o(1). Suppose -w = -5*x + x. List the prime factors of x.
3
Let a = -33 - -14. Let f = a - -45. What are the prime factors of f?
2, 13
Let u be (-8)/(-3) + 2/6. Let f be (6/(-4))/(u/6). Let i = 4 - f. What are the prime factors of i?
7
Let g = -50 - -327. List the prime factors of g.
277
Let i = 5 + 10. What are the prime factors of i?
3, 5
Suppose h - 144 = -5*c - 47, -5*h - 15 = 0. What are the prime factors of c?
2, 5
Suppose -8*w + 519 - 63 = 0. List the prime factors of w.
3, 19
Let b be (-7)/7*18/2. Let d(z) = -z**3 + 6*z**2 - 2. Let r be d(6). List the prime factors of (b/6)/(1/r).
3
Let b = 133 - 73. List the prime factors of b.
2, 3, 5
Let z(u) be the first derivative of u**3 - u**2 - u - 1. Let h be 1/(-2)*(-24)/(-9 - -3). What are the prime factors of z(h)?
3, 5
Let o(l) = -4*l**2. Let n be o(1). List the prime factors of 2/3*(-66)/n.
11
Let i(k) = k + 14. Let q be i(-10). Suppose -12 = -5*g - q*t + 3*t, -10 = -2*g - 3*t. List the prime factors of (9/(-6))/((-1)/g).
3
Let a(u) = 12*u**2 + 11*u + 1. List the prime factors of a(-5).
2, 3, 41
Suppose -2*b - k = -53, 5*k + 81 - 27 = b. Let l = b + -7. List the prime factors of l.
2, 11
Let p(d) = 8*d**2 + 16*d - 15. Let n(q) = 3*q**2 + 5*q - 5. Let w(z) = -11*n(z) + 4*p(z). Let b be (0 + 2)/1 + 4. What are the prime factors of w(b)?
13
Let s(j) be the first derivative of j**3/3 + 5*j**2/2 - 3*j + 3. Let z be s(-5). Let m = z - -5. What are the prime factors of m?
2
Suppose -2*h + 2*q + 6 = 0, -4*h + 5*q - 5 = -17. Let a = 33 - h. Suppose b - 4*b = -a. What are the prime factors of b?
2, 5
Let r = -28 + 19. Let u = r + 12. Suppose 0 = 6*v - u*v - 42. List the prime factors of v.
2, 7
Suppose -5*b = 4*v - 20, 8 = 4*b - 2*b - 2*v. List the prime factors of b.
2
Suppose -5*n + 5*o + 215 = 0, -5*o = -n - 39 + 102. What are the prime factors of n?
2, 19
Suppose 3*f - 8*f = 0. Let y be (-3 - f) + (15 - 0). Let x = 7 + y. List the prime factors of x.
19
Suppose 4*r - 676 = -128. Let q = -91 + r. What are the prime factors of q?
2, 23
Let i(y) = -y**3 - 3*y**2 - y. Let a be i(-3). Suppose a*k - 96 = -k. What are the prime factors of k?
2, 3
Suppose -6 = a - 15. Let g = a - -6. Suppose -2*l + 5*m - g = -l, 3*l + 3*m - 27 = 0. What are the prime factors of l?
5
Suppose 0*c - 2*c + 5*k + 441 = 0, -c + 203 = k. What are the prime factors of c?
2, 13
Let u be 430/(-9) - (-4)/(-18). Let x = u - -76. Suppose -4*n = 20, y + 4*n = 3*y - x. What are the prime factors of y?
2
Let z be (2*-1 - -1)*0. Suppose 3*u - 4*u = z. What are the prime factors of 0 - (u - -1)*-11?
11
Suppose -2*w + 2*v + 37 = v, -2*w = -5*v - 41. Let a be (-11)/(-2)*1*-2. Let j = w + a. What are the prime factors of j?
7
Let c = -6 + -12. Let o = c - -33. Suppose 5 = 5*k - o. List the prime factors of k.
2
What are the prime factors of (-243)/(-45) - (-4)/(-10)?
5
Let c be 6/21 + (-15)/(-21). Suppose 8 = -3*x - c. Let p = -1 - x. What are the prime factors of p?
2
Suppose 8*k - 12*k + 1128 = 0. What are the prime factors of k?
2, 3, 47
Suppose 638 = 6*g - 592. List the prime factors of g.
5, 41
What are the prime factors of 5 - 5 - (-9 - 1)?
2, 5
Let m = 189 - 58. Suppose -4*w + 261 = 3*b, 2*w - 5*b + 6*b = m. Suppose -4*v + w = 2*d, -5*v + 81 = -d + 9. What are the prime factors of v?
3, 5
Let n = -7 - -11. Suppose -n*q - 22 = -2. Let d = q + 13. What are the prime factors of d?
2
Let p be 5*1 - 10/10. Suppose -r - 3*w + 29 = 0, -p*w + 50 = 2*r - 0*r. What are the prime factors of r?
17
Let y(a) = -5*a + 120. What are the prime factors of y(0)?
2, 3, 5
Suppose q + 2*l + 2 = l, 0 = 2*l. Let x be (q/(-3))/(2/(-3)). Let g = x - -3. What are the prime factors of g?
2
Suppose -2*t + 4 = -2*v, -3*t - 3*v + 8*v = -2. What are the prime factors of t/(-6)*(-27)/2?
3
Let w(h